pose f*d - 400 = -5*w, -80 = -d - 0*d + 4*w. Let y = 6 + 4. What is the highest common divisor of y and d?
10
Let f = 989 + -613. Calculate the highest common factor of 32 and f.
8
Let p(d) = -11*d + 13. Let o be -3 + 7/(7/(-6)). Let y be p(o). Let l = 329 + -313. What is the greatest common factor of l and y?
16
Let h be (1 - 1)*-5*6/(-60). Suppose -5*o + 10*o - 420 = h. Let j be (42/5)/(10/25). What is the highest common divisor of j and o?
21
Let x(q) = -9*q + 22. Let l be x(-5). Suppose 83 = i + l. What is the highest common factor of 4 and i?
4
Let f be (-405)/(-21) - 2/7. Let q be 2/3*-3 - 93. Let v be (0 + 3 + -4)*q. Calculate the highest common factor of f and v.
19
Suppose -2*w + 161 = c, 0 = -4*w - c + 199 + 122. Calculate the highest common divisor of w and 260.
20
Suppose 0 = 89*w - 250*w + 3059. Suppose -40 = -4*u + 4*z + 56, -5*z - 42 = -2*u. Let t = u + -7. Calculate the greatest common factor of t and w.
19
Let w(o) = -o**3 + 8*o**2 + 9*o + 16. Let i = -9 + 18. Let z be w(i). Calculate the highest common factor of 48 and z.
16
Let s = 5 - -11. Suppose 3*p - w - 21 = -4*w, -19 = -p - 4*w. Let y be (32/40)/(p/30). What is the greatest common divisor of s and y?
8
Suppose -25*w + 13*w + 12408 = 0. Calculate the greatest common factor of 22 and w.
22
Let n(r) = r + 1. Let b be n(10). Let u = 144 + -102. Let d = u + -9. Calculate the greatest common divisor of b and d.
11
Suppose -5*z - 5*o = 100, -5 = -z - 4*o - 34. Let t = -7 - z. Calculate the highest common divisor of t and 110.
10
Suppose -5*d = -5*a + 137 - 42, 0 = -3*a + 5*d + 55. Let m be 114*(a/(-15) + 2). What is the greatest common factor of m and 19?
19
Suppose -p + 693 = -z, 3*p - 2044 = -5*z + z. What is the greatest common divisor of 16 and p?
16
Let f(p) = p**3 + 8*p**2 + 4*p - 7. Let r be f(-7). Let a = -1028 + 1042. What is the greatest common factor of a and r?
14
Let w be (40/(-32))/((-1)/4). Suppose 0 = -3*c + 4*y + 98, 5*c + w*y = 33 + 107. Let o = 54 - c. Calculate the highest common divisor of o and 12.
12
Let i = 328 - 166. What is the highest common divisor of 36 and i?
18
Suppose -4*u = 5*i - 109, 26 = u + i - 0*i. Let r be 3/4 + 0 - 436/(-16). What is the highest common divisor of u and r?
7
Let r be 483/14*(-5)/((-45)/12). What is the highest common factor of 6 and r?
2
Suppose -6 = 4*n - n. Let i be (-59)/n + (-24)/16. What is the greatest common factor of 4 and i?
4
Let z(q) be the first derivative of q**4/4 - 5*q**3/3 + q**2/2 + 14*q - 14. Let g be z(6). Let b be 2*4/2 + 3. What is the highest common factor of g and b?
7
Suppose -446 - 114 = -7*t. Suppose -3*n + 2*n = -20. What is the greatest common divisor of t and n?
20
Let j(s) = -17*s**2 - 26*s + 36. Let l(o) = 11*o**2 + 17*o - 24. Let a(y) = 5*j(y) + 8*l(y). Let u be a(-5). What is the greatest common factor of 3 and u?
3
Let t = 29 + 26. Suppose 128*a + 43 + 72 = 151*a. What is the greatest common divisor of a and t?
5
Let y = -12 - -22. Suppose 0 = y*h - 128 - 2. Calculate the greatest common divisor of 65 and h.
13
Suppose 5*z + 2*s = 3*s + 15, -3*s + 15 = 0. Let l be 8/(-4)*-7*2. Calculate the highest common factor of l and z.
4
Let c(q) be the third derivative of -q**6/120 - 7*q**5/30 + 17*q**4/12 + 19*q**3/3 + 36*q**2. Let k be c(-16). What is the greatest common divisor of k and 30?
6
Let n be 2/4 - (-429)/26. Suppose -n - 103 = -5*h. Calculate the greatest common divisor of 8 and h.
8
Suppose -5*y - 38 = -78. Suppose 0 = c + c - 3*p - 21, -5*c = p - 27. Let q be ((-4)/6)/((-2)/c). What is the highest common divisor of y and q?
2
Let h be (-710)/(-14) - (2 - (-208)/(-91)). Calculate the highest common divisor of 51 and h.
51
Suppose -2*i + 1 = -65. Let m = i - 26. Calculate the greatest common factor of m and 49.
7
Let w(m) = 2*m**3 - 7*m**2 - 7*m - 6. Let b be w(6). Let c(d) = -d**2 - 76*d - 1032. Let j be c(-18). What is the greatest common divisor of j and b?
12
Suppose -5*o + 102 = -t + 2*t, -3*t + 332 = 2*o. Let j = 180 - t. Suppose 0 = 4*n + 2*p - j, 4*p + 0 = 3*n - 29. What is the highest common factor of n and 30?
15
Let n(k) = 4*k**2 - 30*k + 55. Let c be n(6). Calculate the highest common divisor of 1 and c.
1
Let q = 5038 + -4894. Let j = 38 + -22. Calculate the highest common factor of q and j.
16
Suppose 0 = -t + p + 5, t - 3*t + 10 = 2*p. Suppose 3 = -2*y - t*w + 30, 2*y = w + 45. Suppose 2*q = 5*q - y. Calculate the greatest common factor of 49 and q.
7
Suppose -4*n + 2*d + 12 = -2*d, 4*n - 2*d - 18 = 0. Suppose n*c - 28 = 2*c. Suppose -126 = -x - x. Calculate the highest common factor of c and x.
7
Suppose -a = c - 768, -6*a + 2*a - c = -3063. Calculate the greatest common factor of a and 9.
9
Let p(a) = a**2 - a - 4. Let x be p(-2). Suppose 22 - 10 = x*z. Calculate the highest common factor of z and 6.
6
Let j be (8/(-3))/(16/696*-1). What is the highest common factor of j and 4?
4
Suppose -7*a = -22*a + 105. Suppose 0 = 5*b - 2*b. Let l be 14 - b*(-3)/9. What is the highest common factor of a and l?
7
Let v = -8719 + 8788. Suppose 0 = -3*s - s + 2*d + 184, -3*s - 5*d = -138. Calculate the greatest common divisor of v and s.
23
Suppose 4*w - 29 = -3*f + 22, -2*w + f = -33. What is the greatest common divisor of 3 and w?
3
Suppose -5*l + 10 - 56 = -4*x, -5*x + 3*l + 64 = 0. Let t be ((-588)/9)/((-4)/6). Calculate the greatest common factor of t and x.
14
Let s be -4 + (-2)/(-3 - -2). Let r be 11*(5 - (-8)/s). What is the greatest common divisor of r and 33?
11
Let d(o) = -o**2 + 5*o + 17. Let w be d(7). Suppose 0 = i - w*i. Suppose i = -3*s - s + 156. Calculate the greatest common divisor of s and 13.
13
Let a be 20/(-10) + 156/1. Suppose -3*h + 53 = -h - 5*s, 0 = -2*s - 10. What is the greatest common factor of a and h?
14
Let b be 1 + -2 + 15/1. Suppose 114 + 166 = 5*f. What is the greatest common divisor of b and f?
14
Suppose -31 = -3*w + 32. What is the highest common factor of 42 and w?
21
Let d = -35 - -40. Suppose 2*x - 121 = d*k, x - 2*x = -3*k - 59. Calculate the greatest common divisor of x and 17.
17
Suppose -8 = -2*u + 22. Let p(q) = -q**2 + 3*q + 10. Let k be p(4). What is the highest common divisor of u and k?
3
Let f be (-2)/11 + (-10549)/(-121). Let v = f + 3. Suppose -3*a + 15 = -v. Calculate the highest common divisor of 7 and a.
7
Suppose -4*x - n = -5 + 4, 2*x = -3*n + 3. Suppose g - 10 = b, -5*g - 3*b + 34 = -x*b. Calculate the highest common factor of 72 and g.
8
Let s(x) = 5*x**2 - 9*x - 23. Let g be s(-2). Calculate the highest common divisor of g and 15.
15
Let y = 557 + -339. Suppose 2*z - 156 - y = 0. Calculate the greatest common factor of z and 17.
17
Let p(h) = h**3 - 5*h**2 - 2*h + 32. Let q be p(5). What is the greatest common divisor of q and 66?
22
Suppose 0*k - 14 = -2*k. Suppose 0 = -k*r + 6*r. Let v be 4*(r + -2)/(-8). What is the greatest common divisor of 9 and v?
1
Suppose 0 = -4*n + 3*a + 138, n + 0*a - 41 = 4*a. Let i(m) = -2*m**3 - m**2 + m + 132. Let x be i(0). Calculate the greatest common divisor of x and n.
33
Let c(z) = 15*z**2 - z. Let i(j) = j**2 + 8*j - 8. Let d be i(-9). Let o be c(d). Suppose 19*f - 77 = 8*f. Calculate the greatest common factor of f and o.
7
Suppose 34*t - 32186 = -532. Calculate the highest common factor of t and 19.
19
Suppose -5*z - 27 = 23. Let j be ((-12)/15)/((-2)/z). Let c be (-3750)/(-20)*j/(-3). Calculate the highest common divisor of 25 and c.
25
Let w(m) = -m + 5. Suppose -p - p + 12 = 0. Let f be w(p). Let r be (-66)/(-4) + f/2. What is the greatest common factor of r and 176?
16
Let q = 670 + 565. Calculate the greatest common divisor of q and 65.
65
Let f(a) = a**2 + 9*a + 17. Let i be f(-7). Suppose 0 = -2*d - i*j - 2*j + 40, 26 = 2*d - 2*j. Calculate the greatest common factor of d and 3.
3
Let i = 470 + -447. Calculate the highest common factor of i and 207.
23
Let p = 34 + -23. Suppose 7*u = 5*u + 118. Suppose 63*z = u*z + 396. What is the highest common divisor of z and p?
11
Suppose 58*a = 34*a + 4752. Calculate the greatest common divisor of 162 and a.
18
Let s(l) = l**2 - 9*l - 79. Let i be s(15). Calculate the highest common divisor of i and 836.
11
Let g(p) = -51*p + 15. Let k be g(-2). What is the greatest common factor of 13 and k?
13
Suppose 0 = 3*p + 15, -u - 470 = -2*u